rs of t?
2, 3
Suppose z - 3*z = 0. Suppose z = q - 12. List the prime factors of q.
2, 3
Let k = -3 - -7. Suppose 48 = k*w - w. What are the prime factors of w?
2
Suppose -u + 3*h = 2, -4*h + 0*h + 8 = 0. Suppose -3*d = -b + 21, 0 = 3*b + u*d - 35 - 41. Suppose -2*i = 2*i - b. What are the prime factors of i?
2, 3
Let m be 9/6*(-76 - -2). List the prime factors of (-3 + m/(-12))*4.
5
Let j = -30 - -66. Let v = j + -16. Suppose 3*w - w = v. What are the prime factors of w?
2, 5
Let t = -15 + 26. Suppose a + t = -9. List the prime factors of ((-16)/a)/(2/5).
2
Suppose -3*j - 5*p + 92 = 0, -4*j + 39 = 4*p - 81. List the prime factors of j.
29
Let s(k) = 2*k**2 - 4*k - 4. Let n = -16 - -22. What are the prime factors of s(n)?
2, 11
Suppose 3*g + 12 = 6*g + q, 5*q = 5*g. Let c be 2*(2/4 + 0). Let l = g - c. What are the prime factors of l?
2
Let q(s) = 5*s**2 + 2*s + 6. Let l be q(-3). Let p = 85 - l. What are the prime factors of p?
2, 5
Let j = -8 + 15. List the prime factors of j.
7
What are the prime factors of 412/2*(-2)/12*-9?
3, 103
Let r = -73 + 230. List the prime factors of r.
157
Suppose a - 8 = k, -2*k = -0*k + 8. Suppose 0 = -a*f + 89 + 167. Suppose -f = -4*b - 0. What are the prime factors of b?
2
Let k(y) = 7*y + 1. Let m(x) = x**2 + 5*x + 4. Let l be m(-5). Let u be k(l). Suppose c + 5*q = u + 1, -4*q - 5 = -5*c. What are the prime factors of c?
5
Suppose 0 = -7*d + 10*d - 36. What are the prime factors of d?
2, 3
Suppose 0 = 3*b - b - 502. List the prime factors of b.
251
Suppose 3*a - 420 = -4*h, -4*h = -4*a + 607 - 19. What are the prime factors of a?
2, 3
Suppose -2*m = -7*m + 115. What are the prime factors of m?
23
Suppose -2*k + 2 + 0 = 0. What are the prime factors of k*(7 + 1 + 1)?
3
Let h = -277 - -444. What are the prime factors of h?
167
Let u = 162 - 97. What are the prime factors of u?
5, 13
Let j(l) = -8*l + 4. What are the prime factors of j(-5)?
2, 11
Suppose 2*d - 2*p - 3*p = 26, -d + 5*p = -23. Suppose 0 = -5*j - d*w - 38, 0*j - j - 2 = -5*w. Let h = j + 12. List the prime factors of h.
5
Suppose -4*l + 8*l = 0. Suppose l = 3*h + 5 - 47. List the prime factors of h.
2, 7
Suppose 4 = 4*g - 0*g. Let b be (1 + -2)/g - -11. What are the prime factors of 66/15 - 4/b?
2
Let p be 2*2*3/(-4). Let k = -4 + p. Let b = k - -11. What are the prime factors of b?
2
Let j = 659 + -361. List the prime factors of j.
2, 149
Suppose 4*p - 6 - 2 = 0, -44 = -2*l + 4*p. Suppose l = 4*d - 42. List the prime factors of d.
17
Let s be (14/(-5) + 3)*5. What are the prime factors of (2 + -47)*s/(-3)?
3, 5
Suppose 0 = -4*u, 0*u = -2*x + 5*u + 50. Let p = x - 7. What are the prime factors of (-88)/(-6) - 12/p?
2, 7
Suppose 4*d = d - 24. Let m(u) = -u**3 - 7*u**2 + 6*u - 10. What are the prime factors of m(d)?
2, 3
Let i(b) = -b**2 - 7*b - 15. Let l be i(-10). List the prime factors of (l + 0 + 4)/(-1).
41
List the prime factors of 319 + (4 - 0) + 1.
2, 3
Let u be 12*2*(-9)/(-12). Suppose 3*m + 6 - u = 0. List the prime factors of m.
2
Suppose 0*m - 3*m = -30. Suppose -130 = -m*f + 5*f. What are the prime factors of f?
2, 13
Let m = 24 + -14. Suppose l = 2*r - 1, -r - 7 = -3*l + m. What are the prime factors of l?
7
Suppose 3 = -5*c + 53. Let q = c - 1. List the prime factors of ((-42)/q)/(6/(-9)).
7
Let b = 40 - -4. Suppose -w + b = w. What are the prime factors of w?
2, 11
Let a = 402 + -186. What are the prime factors of a?
2, 3
Let n(l) = -23*l + 1. List the prime factors of n(-1).
2, 3
Suppose -67*k = -72*k + 1965. What are the prime factors of k?
3, 131
Let y = -1 + 2. Suppose -4*c + f + 1 = -11, -4*f - 26 = -5*c. What are the prime factors of y/c*(-3 - -11)?
2
Let m(v) = -2*v**3 - 2 + 5*v**2 - 7*v**2 + 0. What are the prime factors of m(-3)?
2, 17
Suppose -27 = -9*v + 45. What are the prime factors of v?
2
Let r(f) = 3*f**2 + 3*f + 1. Let h be r(3). Let i = -18 + h. What are the prime factors of i?
19
Let z = -771 + 1124. List the prime factors of z.
353
Let r = -5 - -7. Suppose 6 = r*o + 2. List the prime factors of (o/5)/((-2)/(-90)).
2, 3
Let m(x) = -x**2 - 7*x - 5. Let n be m(-6). Suppose -n = -5*u + 74. List the prime factors of u.
3, 5
Let n = -10 + 21. Let f = 28 - n. What are the prime factors of f?
17
Let f = -13 - -55. Suppose m = 4*m - f. List the prime factors of m.
2, 7
Suppose -5 = 2*m - 53. Let v = m + -15. List the prime factors of v.
3
Suppose 7*f - 2*f + 2*n - 17 = 0, -f = 3*n - 6. Let k be (-12)/8*8/f. Let y(g) = g**2 - 4. What are the prime factors of y(k)?
2, 3
Suppose -4 = 4*h, v = 3*v - 2*h + 18. Let j(c) = -c**2 - 10*c + 14. What are the prime factors of j(v)?
2, 7
Suppose 0 = -3*k + 4*v + 776, 3*v + 841 = 5*k - 445. What are the prime factors of k?
2
Let o(g) = -g**2 + 7*g + 2. Let k(a) = a**2 - 6*a - 1. Let x(t) = 4*k(t) + 5*o(t). What are the prime factors of x(6)?
2, 3
List the prime factors of (-1)/(3/(-6*2)).
2
Let f(g) = 4*g - 1. Let x be f(-2). Let i = 0 - x. List the prime factors of i.
3
Let x = -52 + 79. Suppose 0 = 5*g + 2*p + p - x, -p = 4*g - 23. What are the prime factors of g?
2, 3
Let m = 6 - 8. Let n be (-1)/2*m + -1. What are the prime factors of (n + -16)*1/(-2)?
2
Suppose -5*t + d = -2*d - 25, -5 = d. Suppose 0*w + t = w. What are the prime factors of w?
2
Suppose g + 3 = -3*x - 4, 2*x - 5*g - 1 = 0. List the prime factors of ((-1)/(-1))/(x/(-18)).
3
What are the prime factors of (-14 - -11)*(1/(-1) - 16)?
3, 17
Let d(b) = 183*b + 3. Let l be d(4). List the prime factors of 2/(-9) + l/27.
3
Suppose 4*i + 277 = 7*j - 2*j, 0 = j - 5*i - 47. List the prime factors of j.
3, 19
Let f be 6/(-4)*8/(-3). Suppose f*x = 2*x + 32. What are the prime factors of x?
2
Let a(i) = i**3 + 5*i**2 - 4*i. Suppose -5*l + 5 = 4*g, 0 = 5*l - 17 - 8. What are the prime factors of a(g)?
2, 5
Let c = 3 + -5. What are the prime factors of c - -3 - (-78)/6?
2, 7
Let s(x) = -x - 6. Let m be s(-6). Suppose m = 5*z + 26 - 81. Let v = z + -5. List the prime factors of v.
2, 3
Suppose -5*q + 3*n = -50 - 94, -3*q + 5*n = -80. What are the prime factors of q?
2, 3, 5
List the prime factors of (-12 + -1)/(-3 - -2).
13
Let z be -6*(0 + 4/(-6)). Let l(p) = 2*p + 3*p**2 - z - 4*p**2 + 8*p. What are the prime factors of l(8)?
2, 3
Let r be (2/4)/((-1)/(-52)). Suppose -r - 64 = -2*u. Suppose 5*c - u = 2*k, 0*k + k = -3*c + 16. List the prime factors of c.
7
Let o(m) = -3*m + 9. Let s = -13 - -6. List the prime factors of o(s).
2, 3, 5
What are the prime factors of (0 + -240)/(0 - (-15)/(-10))?
2, 5
Suppose -4*o - 1 + 13 = 0, 0 = 3*x + 2*o - 339. What are the prime factors of x?
3, 37
Let l(x) = -4*x - 1. Let y be l(-5). Let i = 60 - y. Let p = i - 26. What are the prime factors of p?
3, 5
Let t = 53 - 26. Let o = -13 + t. What are the prime factors of o?
2, 7
Let w be 1 + -2 + (-3 - 14). What are the prime factors of (w/(-7))/(9/42)?
2, 3
Suppose 3*m = -4*t + 120, 4*m = 5*t - 3*t + 138. List the prime factors of m.
2, 3
Let x = -7 - -13. Suppose 3*y - x*y = -30. List the prime factors of y.
2, 5
Let a = 86 + -38. List the prime factors of a.
2, 3
Let b be ((-90)/(-75))/((-3)/(-50)). List the prime factors of (b/(-8))/(4/(-40)).
5
Suppose a + 5 = -g, 3*a + 0 = -g - 5. Let p(u) be the third derivative of -u**4/24 + u**3/3 - 15*u**2. What are the prime factors of p(a)?
2
Suppose -5*k = 4 + 81. Let g = -12 - k. Suppose x + 0*w - w = g, -2*x - 11 = 5*w. List the prime factors of x.
2
Let f(a) = -12*a**3 - 2*a**2 - 2*a - 1. What are the prime factors of f(-1)?
11
List the prime factors of (11 - 15)*9/(-2).
2, 3
List the prime factors of (-30888)/(-176) - (0 + 1/2).
5, 7
Let i = -3 + 6. Let y(s) = -s - 1. Let b(q) = 14*q + 10. Let c(r) = b(r) + 12*y(r). List the prime factors of c(i).
2
Let h(g) = g**2 - 8*g + 2. Let p be h(8). Suppose -5*o - 2*f + 132 = 41, o + p*f - 15 = 0. List the prime factors of o.
19
Let b be (-10)/14 - 4/14. Suppose 37 = 2*l - 5*u, -l - 12 + 3 = 3*u. Let y = l - b. List the prime factors of y.
7
Let w(f) = 3*f**2 + 4*f + 5. Let m(b) = 10*b**2 + 13*b + 16. Let j(n) = -2*m(n) + 7*w(n). Let i be -3*(20/6 + -2). List the prime factors of j(i).
11
Suppose -4*o + 4*t = 20, -3*t + 12 = 4*o + 4. Let m(n) = -37*n + 3. List the prime factors of m(o).
2, 5
Let c(l) = l**3 - l**2 + 2*l. Let x(z) = -z**3 - z + 1. Let o(v) 